{"id":941,"date":"2024-04-11T09:41:41","date_gmt":"2024-04-11T09:41:41","guid":{"rendered":"https:\/\/iramed.webs.upv.es\/?page_id=941"},"modified":"2024-06-10T22:03:30","modified_gmt":"2024-06-10T22:03:30","slug":"group","status":"publish","type":"page","link":"https:\/\/iramed.webs.upv.es\/?page_id=941","title":{"rendered":"Group"},"content":{"rendered":"\n<div class=\"wp-block-group alignwide eplus-wrapper is-layout-constrained wp-block-group-is-layout-constrained\"><div class=\"wp-block-columns eplus-wrapper is-layout-flex wp-container-core-columns-is-layout-28f84493 wp-block-columns-is-layout-flex eplus-styles-uid-992c84\">\n<div class=\"wp-block-column eplus-wrapper is-layout-flow wp-block-column-is-layout-flow\">\n<h2 class=\" wp-block-heading eplus-wrapper\">IRAMED Research Group<\/h2>\n<\/div>\n<\/div>\n\n<div class=\"wp-block-columns eplus-wrapper is-layout-flex wp-container-core-columns-is-layout-28f84493 wp-block-columns-is-layout-flex eplus-styles-uid-489ada\">\n<div class=\"wp-block-column eplus-wrapper is-layout-flow wp-block-column-is-layout-flow\">\n<p class=\" eplus-wrapper\">The research team is composed of a multidisciplinary team of experts in areas such as physical-medical engineering, mathematics, physics, statistics, and computing systems.<\/p>\n<\/div>\n<\/div>\n\n<div class=\"wp-block-columns eplus-wrapper is-layout-flex wp-container-core-columns-is-layout-28f84493 wp-block-columns-is-layout-flex eplus-styles-uid-746b0e\">\n<div class=\"wp-block-column eplus-wrapper is-layout-flow wp-block-column-is-layout-flow\">\n<figure class=\" wp-block-image aligncenter size-large is-resized eplus-wrapper\"><img loading=\"lazy\" decoding=\"async\" width=\"1024\" height=\"655\" src=\"https:\/\/iramed.webs.upv.es\/wp-content\/uploads\/2024\/05\/IsirimGrupo-1-1024x655.jpg\" alt=\"\" class=\"wp-image-931\" style=\"width:757px;height:auto\" srcset=\"https:\/\/iramed.webs.upv.es\/wp-content\/uploads\/2024\/05\/IsirimGrupo-1-1024x655.jpg 1024w, https:\/\/iramed.webs.upv.es\/wp-content\/uploads\/2024\/05\/IsirimGrupo-1-300x192.jpg 300w, https:\/\/iramed.webs.upv.es\/wp-content\/uploads\/2024\/05\/IsirimGrupo-1-768x491.jpg 768w, https:\/\/iramed.webs.upv.es\/wp-content\/uploads\/2024\/05\/IsirimGrupo-1-1536x982.jpg 1536w, https:\/\/iramed.webs.upv.es\/wp-content\/uploads\/2024\/05\/IsirimGrupo-1-2048x1309.jpg 2048w\" sizes=\"auto, (max-width: 1024px) 100vw, 1024px\" \/><\/figure>\n<\/div>\n<\/div><\/div>\n\n\n<div class=\"wp-block-group alignwide eplus-wrapper is-layout-constrained wp-block-group-is-layout-constrained eplus-styles-uid-9e3fa4\"><p class=\" eplus-wrapper eplus-styles-uid-f538b9\"><strong>Industrial, Radiophysical and Environmental Safety University Research Institute (ISIRYM)<\/strong><\/p>\n\n<div class=\"wp-block-columns eplus-wrapper is-layout-flex wp-container-core-columns-is-layout-28f84493 wp-block-columns-is-layout-flex eplus-styles-uid-43dbc7\">\n<div class=\"wp-block-column eplus-wrapper is-layout-flow wp-block-column-is-layout-flow\">\n<p class=\" eplus-wrapper\"><a href=\"https:\/\/www.upv.es\/pls\/oalu\/sic_person.Info?p_alias=gverdu&amp;P_IDIOMA=i\" data-type=\"link\" data-id=\"https:\/\/www.upv.es\/pls\/oalu\/sic_person.Info?p_alias=gverdu&amp;P_IDIOMA=i\" target=\"_blank\" rel=\"noreferrer noopener\">Gumersindo Jes\u00fas Verd\u00fa Mart\u00edn<\/a><\/p>\n\n\n\n<p class=\" eplus-wrapper\"><a href=\"https:\/\/www.upv.es\/pls\/oalu\/sic_person.Info?p_alias=rmiro&amp;P_IDIOMA=i\" target=\"_blank\" rel=\"noreferrer noopener\">Rafael Mir\u00f3 Herrero<\/a><\/p>\n\n\n\n<p class=\" eplus-wrapper\"><a href=\"https:\/\/www.upv.es\/pls\/oalu\/sic_person.Info?p_alias=sergalbe&amp;P_IDIOMA=i\" target=\"_blank\" rel=\"noreferrer noopener\">Sergio Gallardo Bermell<\/a><\/p>\n\n\n\n<p class=\" eplus-wrapper\"><a href=\"https:\/\/www.upv.es\/pls\/oalu\/sic_person.Info?p_alias=bjuste&amp;P_IDIOMA=i\" target=\"_blank\" rel=\"noreferrer noopener\">Bel\u00e9n Jeanne Juste Vidal<\/a><\/p>\n\n\n\n<p class=\" eplus-wrapper\"><a href=\"https:\/\/www.upv.es\/pls\/oalu\/sic_person.Info?p_alias=tcapilla&amp;P_IDIOMA=i\" target=\"_blank\" rel=\"noreferrer noopener\">Mar\u00eda Teresa Capilla Roma<\/a><\/p>\n\n\n\n<p class=\" eplus-wrapper\"><a href=\"https:\/\/www.upv.es\/pls\/oalu\/sic_person.Info?p_alias=jarnala&amp;P_IDIOMA=i\" target=\"_blank\" rel=\"noreferrer noopener\">Jos\u00e9 Miguel Arnal Arnal<\/a><\/p>\n\n\n\n<p class=\" eplus-wrapper\"><a href=\"https:\/\/www.upv.es\/pls\/oalu\/sic_person.Info?p_alias=beagarfa&amp;P_IDIOMA=i\" data-type=\"link\" data-id=\"https:\/\/www.upv.es\/pls\/oalu\/sic_person.Info?p_alias=beagarfa&amp;P_IDIOMA=v\" target=\"_blank\" rel=\"noreferrer noopener\">Beatriz Garc\u00eda Fayos<\/a><\/p>\n\n\n\n<p class=\" eplus-wrapper\"><a href=\"https:\/\/www.upv.es\/pls\/oalu\/sic_person.Info?p_alias=adiacom&amp;P_IDIOMA=i\" target=\"_blank\" rel=\"noreferrer noopener\">Adri\u00e1n D\u00edaz Comeche<\/a><\/p>\n\n\n\n<p class=\" eplus-wrapper\"><a href=\"https:\/\/www.upv.es\/pls\/oalu\/sic_person.Info?p_alias=jamarfe4&amp;P_IDIOMA=i\" target=\"_blank\" rel=\"noreferrer noopener\">Javier Enrique Mart\u00ednez Ferri<\/a><\/p>\n\n\n\n<p class=\" eplus-wrapper\"><a href=\"https:\/\/www.upv.es\/pls\/oalu\/sic_person.Info?p_alias=sanolgi&amp;P_IDIOMA=i\" target=\"_blank\" rel=\"noreferrer noopener\">Sandra Oliver Gil<\/a><\/p>\n<\/div>\n\n\n\n<div class=\"wp-block-column eplus-wrapper is-layout-flow wp-block-column-is-layout-flow\">\n<p class=\" eplus-wrapper\">RP of the project<\/p>\n\n\n\n<p class=\" eplus-wrapper\">Researcher<\/p>\n\n\n\n<p class=\" eplus-wrapper\">Researcher<\/p>\n\n\n\n<p class=\" eplus-wrapper\">Researcher<\/p>\n\n\n\n<p class=\" eplus-wrapper\">Researcher<\/p>\n\n\n\n<p class=\" eplus-wrapper\">Researcher<\/p>\n\n\n\n<p class=\" eplus-wrapper\">Researcher<\/p>\n\n\n\n<p class=\" eplus-wrapper\">Predoctoral Researcher<\/p>\n\n\n\n<p class=\" eplus-wrapper\">Staff support technician<\/p>\n\n\n\n<p class=\" eplus-wrapper\">PhD Researcher<\/p>\n<\/div>\n\n\n\n<div class=\"wp-block-column is-vertically-aligned-center eplus-wrapper is-layout-flow wp-block-column-is-layout-flow\"><\/div>\n<\/div><\/div>\n\n<div class=\"wp-block-group alignwide eplus-wrapper is-layout-constrained wp-block-group-is-layout-constrained eplus-styles-uid-9e3fa4\"><p class=\" eplus-wrapper eplus-styles-uid-0f6d0a\"><strong>Dept. of Applied Statistics and Operational Research and Quality<\/strong><\/p>\n\n<div class=\"wp-block-columns eplus-wrapper is-layout-flex wp-container-core-columns-is-layout-28f84493 wp-block-columns-is-layout-flex eplus-styles-uid-cf16d2\">\n<div class=\"wp-block-column eplus-wrapper is-layout-flow wp-block-column-is-layout-flow\">\n<p class=\" eplus-wrapper\"><a href=\"https:\/\/www.upv.es\/pls\/oalu\/sic_person.Info?p_alias=juagardi&amp;P_IDIOMA=i\" target=\"_blank\" rel=\"noreferrer noopener\">Juan Carlos Garc\u00eda D\u00edaz<\/a><\/p>\n<\/div>\n\n\n\n<div class=\"wp-block-column eplus-wrapper is-layout-flow wp-block-column-is-layout-flow\">\n<p class=\" eplus-wrapper\">Researcher<\/p>\n<\/div>\n\n\n\n<div class=\"wp-block-column eplus-wrapper is-layout-flow wp-block-column-is-layout-flow\"><\/div>\n<\/div><\/div>\n\n<div class=\"wp-block-group alignwide eplus-wrapper is-layout-constrained wp-block-group-is-layout-constrained eplus-styles-uid-9e3fa4\"><p class=\" eplus-wrapper eplus-styles-uid-0f6d0a\"><strong><strong>Dept. of Applied Mathematics<\/strong><\/strong><\/p>\n\n<div class=\"wp-block-columns eplus-wrapper is-layout-flex wp-container-core-columns-is-layout-28f84493 wp-block-columns-is-layout-flex eplus-styles-uid-1b2690\">\n<div class=\"wp-block-column eplus-wrapper is-layout-flow wp-block-column-is-layout-flow\">\n<p class=\" eplus-wrapper\"><a href=\"https:\/\/www.upv.es\/pls\/oalu\/sic_person.Info?p_alias=dginesta&amp;P_IDIOMA=i\" target=\"_blank\" rel=\"noreferrer noopener\">Dami\u00e1n Ginestar Peir\u00f3<\/a><\/p>\n<\/div>\n\n\n\n<div class=\"wp-block-column eplus-wrapper is-layout-flow wp-block-column-is-layout-flow\">\n<p class=\" eplus-wrapper\">Researcher<\/p>\n<\/div>\n\n\n\n<div class=\"wp-block-column eplus-wrapper is-layout-flow wp-block-column-is-layout-flow\"><\/div>\n<\/div><\/div>\n\n<div class=\"wp-block-group alignwide eplus-wrapper is-layout-constrained wp-block-group-is-layout-constrained eplus-styles-uid-9e3fa4\"><p class=\" eplus-wrapper eplus-styles-uid-0f6d0a\"><strong><strong><strong><strong><strong>Dept. of Computer Systems and Computation<\/strong><\/strong><\/strong><\/strong><\/strong><\/p>\n\n<div class=\"wp-block-columns eplus-wrapper is-layout-flex wp-container-core-columns-is-layout-28f84493 wp-block-columns-is-layout-flex eplus-styles-uid-4b2cf3\">\n<div class=\"wp-block-column eplus-wrapper is-layout-flow wp-block-column-is-layout-flow\">\n<p class=\" eplus-wrapper\"><a href=\"https:\/\/www.upv.es\/pls\/oalu\/sic_person.Info?p_alias=VVIDAL&amp;P_IDIOMA=i\" target=\"_blank\" rel=\"noreferrer noopener\">Vicente Emilio Vidal Gimeno<\/a><\/p>\n\n\n\n<p class=\" eplus-wrapper\"><a href=\"https:\/\/www.upv.es\/pls\/oalu\/sic_person.Info?p_alias=jroman&amp;P_IDIOMA=i\" target=\"_blank\" rel=\"noreferrer noopener\">Jos\u00e9 E. Rom\u00e1n Molt\u00f3<\/a><\/p>\n<\/div>\n\n\n\n<div class=\"wp-block-column eplus-wrapper is-layout-flow wp-block-column-is-layout-flow\">\n<p class=\" eplus-wrapper\">Researcher<\/p>\n\n\n\n<p class=\" eplus-wrapper\">Researcher<\/p>\n<\/div>\n\n\n\n<div class=\"wp-block-column eplus-wrapper is-layout-flow wp-block-column-is-layout-flow\"><\/div>\n<\/div><\/div>","protected":false},"excerpt":{"rendered":"<p>IRAMED Research Group The research team is composed of a multidisciplinary team of experts in areas such as physical-medical engineering, [&hellip;]<\/p>\n","protected":false},"author":1,"featured_media":0,"parent":0,"menu_order":0,"comment_status":"closed","ping_status":"closed","template":"","meta":{"editor_plus_copied_stylings":"{}","site-sidebar-layout":"default","site-content-layout":"","ast-site-content-layout":"default","site-content-style":"default","site-sidebar-style":"default","ast-global-header-display":"","ast-banner-title-visibility":"","ast-main-header-display":"","ast-hfb-above-header-display":"","ast-hfb-below-header-display":"","ast-hfb-mobile-header-display":"","site-post-title":"disabled","ast-breadcrumbs-content":"","ast-featured-img":"","footer-sml-layout":"","ast-disable-related-posts":"","theme-transparent-header-meta":"","adv-header-id-meta":"","stick-header-meta":"","header-above-stick-meta":"","header-main-stick-meta":"","header-below-stick-meta":"","astra-migrate-meta-layouts":"default","ast-page-background-enabled":"default","ast-page-background-meta":{"desktop":{"background-color":"var(--ast-global-color-4)","background-image":"","background-repeat":"repeat","background-position":"center center","background-size":"auto","background-attachment":"scroll","background-type":"","background-media":"","overlay-type":"","overlay-color":"","overlay-opacity":"","overlay-gradient":""},"tablet":{"background-color":"","background-image":"","background-repeat":"repeat","background-position":"center center","background-size":"auto","background-attachment":"scroll","background-type":"","background-media":"","overlay-type":"","overlay-color":"","overlay-opacity":"","overlay-gradient":""},"mobile":{"background-color":"","background-image":"","background-repeat":"repeat","background-position":"center center","background-size":"auto","background-attachment":"scroll","background-type":"","background-media":"","overlay-type":"","overlay-color":"","overlay-opacity":"","overlay-gradient":""}},"ast-content-background-meta":{"desktop":{"background-color":"var(--ast-global-color-5)","background-image":"","background-repeat":"repeat","background-position":"center center","background-size":"auto","background-attachment":"scroll","background-type":"","background-media":"","overlay-type":"","overlay-color":"","overlay-opacity":"","overlay-gradient":""},"tablet":{"background-color":"var(--ast-global-color-5)","background-image":"","background-repeat":"repeat","background-position":"center center","background-size":"auto","background-attachment":"scroll","background-type":"","background-media":"","overlay-type":"","overlay-color":"","overlay-opacity":"","overlay-gradient":""},"mobile":{"background-color":"var(--ast-global-color-5)","background-image":"","background-repeat":"repeat","background-position":"center center","background-size":"auto","background-attachment":"scroll","background-type":"","background-media":"","overlay-type":"","overlay-color":"","overlay-opacity":"","overlay-gradient":""}},"footnotes":""},"class_list":["post-941","page","type-page","status-publish","hentry"],"_links":{"self":[{"href":"https:\/\/iramed.webs.upv.es\/index.php?rest_route=\/wp\/v2\/pages\/941","targetHints":{"allow":["GET"]}}],"collection":[{"href":"https:\/\/iramed.webs.upv.es\/index.php?rest_route=\/wp\/v2\/pages"}],"about":[{"href":"https:\/\/iramed.webs.upv.es\/index.php?rest_route=\/wp\/v2\/types\/page"}],"author":[{"embeddable":true,"href":"https:\/\/iramed.webs.upv.es\/index.php?rest_route=\/wp\/v2\/users\/1"}],"replies":[{"embeddable":true,"href":"https:\/\/iramed.webs.upv.es\/index.php?rest_route=%2Fwp%2Fv2%2Fcomments&post=941"}],"version-history":[{"count":12,"href":"https:\/\/iramed.webs.upv.es\/index.php?rest_route=\/wp\/v2\/pages\/941\/revisions"}],"predecessor-version":[{"id":1517,"href":"https:\/\/iramed.webs.upv.es\/index.php?rest_route=\/wp\/v2\/pages\/941\/revisions\/1517"}],"wp:attachment":[{"href":"https:\/\/iramed.webs.upv.es\/index.php?rest_route=%2Fwp%2Fv2%2Fmedia&parent=941"}],"curies":[{"name":"wp","href":"https:\/\/api.w.org\/{rel}","templated":true}]}}