{"id":1451,"date":"2024-05-02T10:31:28","date_gmt":"2024-05-02T10:31:28","guid":{"rendered":"https:\/\/iramed.webs.upv.es\/?page_id=1451"},"modified":"2024-06-11T09:36:54","modified_gmt":"2024-06-11T09:36:54","slug":"inicio-valencia","status":"publish","type":"page","link":"https:\/\/iramed.webs.upv.es\/?lang=ca","title":{"rendered":"Inicio &#8211; Valenci\u00e0"},"content":{"rendered":"\n<div class=\"wp-block-group alignwide eplus-wrapper is-layout-constrained wp-block-group-is-layout-constrained\"><div class=\"wp-block-columns alignwide eplus-wrapper is-layout-flex wp-container-core-columns-is-layout-28f84493 wp-block-columns-is-layout-flex eplus-styles-uid-13093d\">\n<div class=\"wp-block-column eplus-wrapper is-layout-flow wp-block-column-is-layout-flow\" style=\"flex-basis:100%\">\n<p class=\" eplus-wrapper\">L&#8217;Institut Universitari d&#8217;Investigaci\u00f3 <strong>ISIRYM<\/strong> est\u00e0 al servei de la societat i el seu progr\u00e9s investigant i aportant solucions per a <strong>reduir l&#8217;impacte de la radiaci\u00f3 ionitzant<\/strong>, compromesos amb una activitat industrial m\u00e9s segura i menys nociva per a les persones i el medi ambient, de manera que l&#8217;impacte de les radiacions ionitzants, b\u00e9 per les seues aplicacions o b\u00e9 per la radiaci\u00f3 d&#8217;origen natural, siga el menor possible.<br><br>En concret, el grup <strong>SENUBIO<\/strong> (Seguretat Nuclear i Bioenginyeria de la Radiaci\u00f3 Ionitzant) centra el seu treball en la seguretat nuclear, la protecci\u00f3 radiol\u00f2gica i l&#8217;enginyeria f\u00edsica-m\u00e8dica.<br><br>Una de les seues l\u00ednies d&#8217;investigaci\u00f3 en l&#8217;\u00e0rea de l&#8217;enginyeria f\u00edsica-m\u00e8dica es dedica a l&#8217;optimitzaci\u00f3 i reducci\u00f3 de dosi en aplicacions m\u00e8diques: radiodiagn\u00f2stic, medicina nuclear i radioter\u00e0pia. Aquesta l\u00ednia t\u00e9 com a objectiu principal aportar solucions per a reduir les dosis impartides per radiacions ionitzants a les persones (pacients i treballadors).<br><br>En aquest context naix el projecte IRAMED, <strong>Ionizing Radiation Dose Reduction in Medical Applications<\/strong>, projecte Prometeu de 550.000 \u20ac per a grups d&#8217;investigaci\u00f3 d&#8217;excel\u00b7l\u00e8ncia allotjat a la Universitat Polit\u00e8cnica de Val\u00e8ncia i finan\u00e7at per la Generalitat Valenciana.<br><br>El projecte va comen\u00e7ar en 2023 i t\u00e9 una duraci\u00f3 total de 4 anys.<\/p>\n<\/div>\n<\/div>\n\n<div class=\"wp-block-columns eplus-wrapper is-layout-flex wp-container-core-columns-is-layout-28f84493 wp-block-columns-is-layout-flex eplus-styles-uid-aa1ee9\">\n<div class=\"wp-block-column eplus-wrapper is-layout-flow wp-block-column-is-layout-flow\"><figure class=\" wp-block-image aligncenter size-full is-resized eplus-wrapper eplus-styles-uid-9a2500\"><img loading=\"lazy\" decoding=\"async\" width=\"1920\" height=\"1080\" src=\"https:\/\/iramed.webs.upv.es\/wp-content\/uploads\/2024\/05\/ANIMACION_HORIZONTAL_IRAMED-2.gif\" alt=\"\" class=\"wp-image-1086\" style=\"width:784px;height:auto\"><\/figure><\/div>\n<\/div><\/div>\n","protected":false},"excerpt":{"rendered":"<p>L&#8217;Institut Universitari d&#8217;Investigaci\u00f3 ISIRYM est\u00e0 al servei de la societat i el seu progr\u00e9s investigant i aportant solucions per a [&hellip;]<\/p>\n","protected":false},"author":1,"featured_media":0,"parent":0,"menu_order":0,"comment_status":"closed","ping_status":"closed","template":"","meta":{"editor_plus_copied_stylings":"{}","site-sidebar-layout":"default","site-content-layout":"","ast-site-content-layout":"default","site-content-style":"default","site-sidebar-style":"default","ast-global-header-display":"","ast-banner-title-visibility":"","ast-main-header-display":"","ast-hfb-above-header-display":"","ast-hfb-below-header-display":"","ast-hfb-mobile-header-display":"","site-post-title":"disabled","ast-breadcrumbs-content":"","ast-featured-img":"","footer-sml-layout":"","ast-disable-related-posts":"","theme-transparent-header-meta":"","adv-header-id-meta":"","stick-header-meta":"","header-above-stick-meta":"","header-main-stick-meta":"","header-below-stick-meta":"","astra-migrate-meta-layouts":"default","ast-page-background-enabled":"default","ast-page-background-meta":{"desktop":{"background-color":"var(--ast-global-color-4)","background-image":"","background-repeat":"repeat","background-position":"center center","background-size":"auto","background-attachment":"scroll","background-type":"","background-media":"","overlay-type":"","overlay-color":"","overlay-opacity":"","overlay-gradient":""},"tablet":{"background-color":"","background-image":"","background-repeat":"repeat","background-position":"center center","background-size":"auto","background-attachment":"scroll","background-type":"","background-media":"","overlay-type":"","overlay-color":"","overlay-opacity":"","overlay-gradient":""},"mobile":{"background-color":"","background-image":"","background-repeat":"repeat","background-position":"center center","background-size":"auto","background-attachment":"scroll","background-type":"","background-media":"","overlay-type":"","overlay-color":"","overlay-opacity":"","overlay-gradient":""}},"ast-content-background-meta":{"desktop":{"background-color":"var(--ast-global-color-5)","background-image":"","background-repeat":"repeat","background-position":"center center","background-size":"auto","background-attachment":"scroll","background-type":"","background-media":"","overlay-type":"","overlay-color":"","overlay-opacity":"","overlay-gradient":""},"tablet":{"background-color":"var(--ast-global-color-5)","background-image":"","background-repeat":"repeat","background-position":"center center","background-size":"auto","background-attachment":"scroll","background-type":"","background-media":"","overlay-type":"","overlay-color":"","overlay-opacity":"","overlay-gradient":""},"mobile":{"background-color":"var(--ast-global-color-5)","background-image":"","background-repeat":"repeat","background-position":"center center","background-size":"auto","background-attachment":"scroll","background-type":"","background-media":"","overlay-type":"","overlay-color":"","overlay-opacity":"","overlay-gradient":""}},"footnotes":""},"class_list":["post-1451","page","type-page","status-publish","hentry"],"_links":{"self":[{"href":"https:\/\/iramed.webs.upv.es\/index.php?rest_route=\/wp\/v2\/pages\/1451","targetHints":{"allow":["GET"]}}],"collection":[{"href":"https:\/\/iramed.webs.upv.es\/index.php?rest_route=\/wp\/v2\/pages"}],"about":[{"href":"https:\/\/iramed.webs.upv.es\/index.php?rest_route=\/wp\/v2\/types\/page"}],"author":[{"embeddable":true,"href":"https:\/\/iramed.webs.upv.es\/index.php?rest_route=\/wp\/v2\/users\/1"}],"replies":[{"embeddable":true,"href":"https:\/\/iramed.webs.upv.es\/index.php?rest_route=%2Fwp%2Fv2%2Fcomments&post=1451"}],"version-history":[{"count":4,"href":"https:\/\/iramed.webs.upv.es\/index.php?rest_route=\/wp\/v2\/pages\/1451\/revisions"}],"predecessor-version":[{"id":1586,"href":"https:\/\/iramed.webs.upv.es\/index.php?rest_route=\/wp\/v2\/pages\/1451\/revisions\/1586"}],"wp:attachment":[{"href":"https:\/\/iramed.webs.upv.es\/index.php?rest_route=%2Fwp%2Fv2%2Fmedia&parent=1451"}],"curies":[{"name":"wp","href":"https:\/\/api.w.org\/{rel}","templated":true}]}}