{"id":1273,"date":"2024-04-29T14:53:45","date_gmt":"2024-04-29T14:53:45","guid":{"rendered":"https:\/\/iramed.webs.upv.es\/?page_id=1273"},"modified":"2024-06-11T10:17:32","modified_gmt":"2024-06-11T10:17:32","slug":"area-03-2","status":"publish","type":"page","link":"https:\/\/iramed.webs.upv.es\/?page_id=1273&lang=ca","title":{"rendered":"\u00c0rea 03"},"content":{"rendered":"\n<div class=\"wp-block-group alignwide eplus-wrapper is-layout-constrained wp-block-group-is-layout-constrained\"><div class=\"wp-block-columns eplus-wrapper is-layout-flex wp-container-core-columns-is-layout-28f84493 wp-block-columns-is-layout-flex eplus-styles-uid-ee35d8\">\n<div class=\"wp-block-column eplus-wrapper is-layout-flow wp-block-column-is-layout-flow\">\n<p class=\" has-medium-font-size eplus-wrapper\"><strong><strong>O3. REDUCCI\u00d3 DE DOSI RADIOTER\u00c0PIA I PRONTONTER\u00c0PIA<\/strong><\/strong><\/p>\n<\/div>\n<\/div>\n\n<div class=\"wp-block-columns eplus-wrapper is-layout-flex wp-container-core-columns-is-layout-28f84493 wp-block-columns-is-layout-flex eplus-styles-uid-42eef5\">\n<div class=\"wp-block-column is-vertically-aligned-center eplus-wrapper is-layout-flow wp-block-column-is-layout-flow\">\n<p class=\" eplus-wrapper\">En aquest paquet de treball es desenvolupar\u00e0 una metodologia per a reconstruir l&#8217;espectre de neutrons produ\u00eft en qualsevol b\u00fanquer amb LinAcs o Protonter\u00e0pia, per\u00f2 es pot aplicar en qualsevol instal\u00b7laci\u00f3 m\u00e8dica o nuclear en la qual siga d&#8217;inter\u00e8s. L&#8217;espectre de neutrons conegut servir\u00e0 per a calcular la dosi de neutrons equivalent.<\/p>\n<\/div>\n\n\n\n<div class=\"wp-block-column is-vertically-aligned-center eplus-wrapper is-layout-flow wp-block-column-is-layout-flow\">\n<figure class=\" wp-block-image aligncenter size-full is-resized eplus-wrapper\"><img loading=\"lazy\" decoding=\"async\" width=\"414\" height=\"302\" src=\"https:\/\/iramed.webs.upv.es\/wp-content\/uploads\/2024\/04\/obj_03.jpg\" alt=\"\" class=\"wp-image-581\" style=\"width:311px;height:auto\" srcset=\"https:\/\/iramed.webs.upv.es\/wp-content\/uploads\/2024\/04\/obj_03.jpg 414w, https:\/\/iramed.webs.upv.es\/wp-content\/uploads\/2024\/04\/obj_03-300x219.jpg 300w\" sizes=\"auto, (max-width: 414px) 100vw, 414px\" \/><\/figure>\n<\/div>\n<\/div>\n\n<div class=\"wp-block-columns eplus-wrapper is-layout-flex wp-container-core-columns-is-layout-28f84493 wp-block-columns-is-layout-flex eplus-styles-uid-40da6d\">\n<div class=\"wp-block-column is-vertically-aligned-center eplus-wrapper is-layout-flow wp-block-column-is-layout-flow\" style=\"flex-basis:33.33%\"><figure class=\" wp-block-image aligncenter size-full is-resized eplus-wrapper eplus-styles-uid-793de0\"><img loading=\"lazy\" decoding=\"async\" width=\"990\" height=\"747\" src=\"https:\/\/iramed.webs.upv.es\/wp-content\/uploads\/2024\/04\/OBJ_03.2.jpg\" alt=\"\" class=\"wp-image-583\" style=\"width:293px;height:auto\" srcset=\"https:\/\/iramed.webs.upv.es\/wp-content\/uploads\/2024\/04\/OBJ_03.2.jpg 990w, https:\/\/iramed.webs.upv.es\/wp-content\/uploads\/2024\/04\/OBJ_03.2-300x226.jpg 300w, https:\/\/iramed.webs.upv.es\/wp-content\/uploads\/2024\/04\/OBJ_03.2-768x579.jpg 768w\" sizes=\"auto, (max-width: 990px) 100vw, 990px\" \/><\/figure>\n\n<figure class=\" wp-block-image aligncenter size-full is-resized eplus-wrapper eplus-styles-uid-4ea72f\"><img loading=\"lazy\" decoding=\"async\" width=\"366\" height=\"293\" src=\"https:\/\/iramed.webs.upv.es\/wp-content\/uploads\/2024\/04\/obj_03.1.jpg\" alt=\"\" class=\"wp-image-589\" style=\"width:304px;height:auto\" srcset=\"https:\/\/iramed.webs.upv.es\/wp-content\/uploads\/2024\/04\/obj_03.1.jpg 366w, https:\/\/iramed.webs.upv.es\/wp-content\/uploads\/2024\/04\/obj_03.1-300x240.jpg 300w\" sizes=\"auto, (max-width: 366px) 100vw, 366px\" \/><\/figure><\/div>\n\n\n\n<div class=\"wp-block-column is-vertically-aligned-center eplus-wrapper is-layout-flow wp-block-column-is-layout-flow\" style=\"flex-basis:66.66%\">\n<p class=\" eplus-wrapper\">Per a aix\u00f2 s&#8217;abordaran les seg\u00fcents activitats:<\/p>\n\n\n\n<p class=\" eplus-wrapper\">Tasca 3.1 Generar la funci\u00f3 de resposta de l&#8217;espectr\u00f2metre multiesfera. D&#8217;aquesta manera, s&#8217;obtindr\u00e0 la matriu de resposta del detector de neutrons utilitzant simulacions de Monte Carlo. Per a aquesta tasca es desenvolupar\u00e0 el model Monte Carlo del BSS per a executar-ho amb MCNP.<\/p>\n\n\n\n<p class=\" eplus-wrapper\">Tasca 3.2 Mesuraments experimentals de BSS en un b\u00fanquer LinAc. Es realitzar\u00e0 un conjunt de mesures en neutrons per segon amb el dispositiu BSS en qualsevol posici\u00f3. Es realitzar\u00e0 un b\u00fanquer on s&#8217;haur\u00e0 d&#8217;estudiar l&#8217;espectre de neutrons. Les instal\u00b7lacions LinAc o la protonter\u00e0pia pertany a hospitals de la Comunitat Valenciana. Tamb\u00e9 es poden utilitzar altres detectors de dosis de neutrons per a estudiar les dosis equivalents en aquests llocs, la qual cosa ajudar\u00e0 a normalitzar l&#8217;espectre reconstru\u00eft.<\/p>\n\n\n\n<p class=\" eplus-wrapper\">Tasca 3.3 Reconstrucci\u00f3 de l&#8217;espectre i c\u00e0lcul de dosi. Una vegada que s&#8217;obt\u00e9 l&#8217;espectre d&#8217;energia, es pot utilitzar per a estimar la dosi absorbida pels pacients en el punt considerats de la sala que permeten millorar els tractaments contra el c\u00e0ncer, reduint els c\u00e0ncers secundaris produ\u00efts per la radiaci\u00f3 secund\u00e0ria.<\/p>\n<\/div>\n<\/div>\n\n<div class=\"wp-block-columns eplus-wrapper is-layout-flex wp-container-core-columns-is-layout-28f84493 wp-block-columns-is-layout-flex eplus-styles-uid-63d0ce\">\n<div class=\"wp-block-column eplus-wrapper is-layout-flow wp-block-column-is-layout-flow\"><figure class=\" wp-block-image aligncenter size-large is-resized eplus-wrapper eplus-styles-uid-b2cc6a\"><img loading=\"lazy\" decoding=\"async\" width=\"1024\" height=\"220\" src=\"https:\/\/iramed.webs.upv.es\/wp-content\/uploads\/2024\/06\/MT_03_vl_-1024x220.png\" alt=\"\" class=\"wp-image-1353\" style=\"width:1170px;height:auto\" srcset=\"https:\/\/iramed.webs.upv.es\/wp-content\/uploads\/2024\/06\/MT_03_vl_-1024x220.png 1024w, https:\/\/iramed.webs.upv.es\/wp-content\/uploads\/2024\/06\/MT_03_vl_-300x64.png 300w, https:\/\/iramed.webs.upv.es\/wp-content\/uploads\/2024\/06\/MT_03_vl_-768x165.png 768w, https:\/\/iramed.webs.upv.es\/wp-content\/uploads\/2024\/06\/MT_03_vl_-1536x330.png 1536w, https:\/\/iramed.webs.upv.es\/wp-content\/uploads\/2024\/06\/MT_03_vl_-2048x440.png 2048w\" sizes=\"auto, (max-width: 1024px) 100vw, 1024px\" \/><\/figure><\/div>\n<\/div><\/div>\n","protected":false},"excerpt":{"rendered":"<p>O3. REDUCCI\u00d3 DE DOSI RADIOTER\u00c0PIA I PRONTONTER\u00c0PIA En aquest paquet de treball es desenvolupar\u00e0 una metodologia per a reconstruir l&#8217;espectre [&hellip;]<\/p>\n","protected":false},"author":1,"featured_media":0,"parent":0,"menu_order":0,"comment_status":"closed","ping_status":"closed","template":"","meta":{"editor_plus_copied_stylings":"{}","site-sidebar-layout":"default","site-content-layout":"","ast-site-content-layout":"default","site-content-style":"default","site-sidebar-style":"default","ast-global-header-display":"","ast-banner-title-visibility":"","ast-main-header-display":"","ast-hfb-above-header-display":"","ast-hfb-below-header-display":"","ast-hfb-mobile-header-display":"","site-post-title":"disabled","ast-breadcrumbs-content":"","ast-featured-img":"","footer-sml-layout":"","ast-disable-related-posts":"","theme-transparent-header-meta":"","adv-header-id-meta":"","stick-header-meta":"","header-above-stick-meta":"","header-main-stick-meta":"","header-below-stick-meta":"","astra-migrate-meta-layouts":"default","ast-page-background-enabled":"default","ast-page-background-meta":{"desktop":{"background-color":"var(--ast-global-color-4)","background-image":"","background-repeat":"repeat","background-position":"center center","background-size":"auto","background-attachment":"scroll","background-type":"","background-media":"","overlay-type":"","overlay-color":"","overlay-opacity":"","overlay-gradient":""},"tablet":{"background-color":"","background-image":"","background-repeat":"repeat","background-position":"center center","background-size":"auto","background-attachment":"scroll","background-type":"","background-media":"","overlay-type":"","overlay-color":"","overlay-opacity":"","overlay-gradient":""},"mobile":{"background-color":"","background-image":"","background-repeat":"repeat","background-position":"center center","background-size":"auto","background-attachment":"scroll","background-type":"","background-media":"","overlay-type":"","overlay-color":"","overlay-opacity":"","overlay-gradient":""}},"ast-content-background-meta":{"desktop":{"background-color":"var(--ast-global-color-5)","background-image":"","background-repeat":"repeat","background-position":"center center","background-size":"auto","background-attachment":"scroll","background-type":"","background-media":"","overlay-type":"","overlay-color":"","overlay-opacity":"","overlay-gradient":""},"tablet":{"background-color":"var(--ast-global-color-5)","background-image":"","background-repeat":"repeat","background-position":"center center","background-size":"auto","background-attachment":"scroll","background-type":"","background-media":"","overlay-type":"","overlay-color":"","overlay-opacity":"","overlay-gradient":""},"mobile":{"background-color":"var(--ast-global-color-5)","background-image":"","background-repeat":"repeat","background-position":"center center","background-size":"auto","background-attachment":"scroll","background-type":"","background-media":"","overlay-type":"","overlay-color":"","overlay-opacity":"","overlay-gradient":""}},"footnotes":""},"class_list":["post-1273","page","type-page","status-publish","hentry"],"_links":{"self":[{"href":"https:\/\/iramed.webs.upv.es\/index.php?rest_route=\/wp\/v2\/pages\/1273","targetHints":{"allow":["GET"]}}],"collection":[{"href":"https:\/\/iramed.webs.upv.es\/index.php?rest_route=\/wp\/v2\/pages"}],"about":[{"href":"https:\/\/iramed.webs.upv.es\/index.php?rest_route=\/wp\/v2\/types\/page"}],"author":[{"embeddable":true,"href":"https:\/\/iramed.webs.upv.es\/index.php?rest_route=\/wp\/v2\/users\/1"}],"replies":[{"embeddable":true,"href":"https:\/\/iramed.webs.upv.es\/index.php?rest_route=%2Fwp%2Fv2%2Fcomments&post=1273"}],"version-history":[{"count":4,"href":"https:\/\/iramed.webs.upv.es\/index.php?rest_route=\/wp\/v2\/pages\/1273\/revisions"}],"predecessor-version":[{"id":1616,"href":"https:\/\/iramed.webs.upv.es\/index.php?rest_route=\/wp\/v2\/pages\/1273\/revisions\/1616"}],"wp:attachment":[{"href":"https:\/\/iramed.webs.upv.es\/index.php?rest_route=%2Fwp%2Fv2%2Fmedia&parent=1273"}],"curies":[{"name":"wp","href":"https:\/\/api.w.org\/{rel}","templated":true}]}}